hat is 3c580 (base 14) in base 11?
a2169
549211 (base 13) to base 2
111100110000010110010
-30005 (base 11) to base 13
-16cc1
-121002111101 (base 3) to base 13
-b1232
8432991 (base 10) to base 4
200022311133
Convert 120102202101 (base 3) to base 5.
34210224
What is 91b3c9 (base 13) in base 7?
40600032
112241016 (base 7) to base 2
11010001100100100010000
What is -1001121232302 (base 4) in base 15?
-1789dd9
Convert 545463 (base 8) to base 7.
1361536
What is -25053164 (base 7) in base 12?
-905238
Convert 26b3ba (base 14) to base 13.
37a794
12102111022 (base 3) to base 7
623231
166370 (base 16) to base 15
1deb18
What is 174021 (base 9) in base 12?
52547
Convert -10625235 (base 8) to base 10.
-2304669
1130b7 (base 12) to base 15
566b1
105132442 (base 6) to base 16
1d602a
Convert -10110010111111000101 (base 2) to base 7.
-6142251
Convert -924676 (base 13) to base 15.
-474e8d
What is -a598 (base 13) in base 10?
-22940
d8d437 (base 14) to base 12
2559135
201120320 (base 4) to base 8
413070
Convert -23043234 (base 5) to base 3.
-101110200012
Convert -2023102300 (base 4) to base 13.
-16c900
-5410154 (base 6) to base 15
-53b1a
Convert -145804 (base 12) to base 10.
-341572
Convert 132430122 (base 5) to base 8.
2435706
-2939218 (base 10) to base 7
-33661102
-3011333 (base 5) to base 9
-72410
What is -3201310 (base 6) in base 13?
-55c26
What is -129c2 (base 13) in base 12?
-18062
What is 110210112210102 (base 3) in base 14?
c90919
Convert 50973a (base 12) to base 4.
10303303132
What is 20122120010 (base 3) in base 2?
11111111101010011
Convert 606502 (base 11) to base 14.
1b53d9
What is 109669 (base 13) in base 9?
656851
Convert 85108a (base 14) to base 8.
21120202
Convert 75754 (base 14) to base 7.
2262134
-10133231200 (base 4) to base 15
-184294
What is 3e2e8 (base 15) in base 16?
30c71
What is -4680882 (base 9) in base 11?
-1480311
3211005 (base 7) to base 11
246549
Convert -1251847 (base 11) to base 16.
-211982
What is 13f403 (base 16) in base 5?
313321101
What is 103022001 (base 4) in base 8?
231201
What is -6460b (base 16) in base 14?
-a9b99
63795 (base 10) to base 2
1111100100110011
What is -57043 (base 14) in base 4?
-303212103
2757561 (base 9) to base 11
944a33
-2204040010 (base 5) to base 15
-63d23a
What is 2db4cb (base 14) in base 15?
21ada3
Convert -166361 (base 8) to base 14.
-18169
Convert 29265b5 (base 12) to base 5.
4103423103
What is 10010110100010101101 (base 2) in base 3?
1011022211211
What is -175275 (base 13) in base 14?
-112491
What is 6170057 (base 8) in base 2?
110001111000000101111
325370 (base 8) to base 6
2202012
1247024 (base 11) to base 12
882aaa
What is aad65 (base 15) in base 3?
1000120212212
What is 562504 (base 7) in base 9?
161277
What is 1330202122 (base 4) in base 14?
d3c82
What is -214242255 (base 6) in base 14?
-721dc7
What is 1173364 (base 9) in base 7?
5300461
Convert -2222151 (base 7) to base 16.
-43035
-122203221 (base 4) to base 8
-324351
-121103300122 (base 4) to base 16
-653c1a
201460 (base 10) to base 11
1283a6
Convert 21264316 (base 7) to base 10.
1814287
-cce22 (base 16) to base 6
-25553110
-1422055 (base 6) to base 4
-103232303
What is a5df6 (base 16) in base 12?
28921a
-10111110110101111110 (base 2) to base 9
-1421248
Convert -574180 (base 13) to base 11.
-1190895
-12210102011 (base 3) to base 12
-55ba1
What is 12110000202012 (base 3) in base 12?
b768a2
-121693 (base 11) to base 16
-2efec
-325792 (base 12) to base 7
-6531506
Convert 39308 (base 12) to base 2.
10011000101111000
What is -244342432 (base 5) in base 12?
-484264
What is -351774 (base 8) in base 4?
-131033330
Convert -111101011011110100001 (base 2) to base 6.
-111051505
-102424202 (base 5) to base 9
-734281
-9378239 (base 10) to base 14
-1361a23
4542135 (base 11) to base 9
15861267
101110200202 (base 3) to base 16
32504
-85206 (base 9) to base 7
-323100
What is 67146 (base 8) in base 6?
334502
3722694 (base 10) to base 16
38cdc6
Convert 36cb8d (base 14) to base 4.
13022302021
What is -1567476 (base 8) in base 15?
-8e9c7
What is 2258569 (base 10) in base 5?
1034233234
Convert 2230121020 (base 4) to base 10.
706120
Convert 612a07 (base 13) to base 10.
2262410
What is -117883 (base 12) in base 8?
-1050443
What is -21112101111022 (base 3) in base 8?
-17212742
What is 58597 (base 13) in base 15?
32c1a
-10030123342 (base 5) to base 7
-151016436
28541186 (base 9) to base 7
231121014
What is -111120100121022 (base 3) in base 10?
-7210979
-1032079 (base 10) to base 6
-34042051
Convert -102022021002 (base 3) to base 8.
-662510
What is -30678 (base 11) in base 13?
-17491
What is 1011101111111011100 (base 2) in base 3?
201120002211
Convert 32726 (base 13) to base 2.
10110010010011100
52b712 (base 16) to base 10
5420818
-52209c (base 14) to base 16
-2a4a7a
What is -27da28 (base 16) in base 5?
-1132034002
What is 20195 (base 13) in base 14?
16ccd
63b8 (base 14) to base 11
11a2a
What is 110200202211 (base 3) in base 16?
3d018
Convert -221100012201 (base 3) to base 11.
-310826
-1834301 (base 10) to base 3
-10110012012002
What is -801cb (base 14) in base 15?
-61288
-123113113210 (base 4) to base 8
-33272744
What is -132232122 (base 4) in base 13?
-4538a
Convert 1151235 (base 6) to base 16.
ef27
Convert 301566 (base 9) to base 4.
223202211
Convert -1210139 (base 12) to base 4.
-31113212331
Convert 5056033 (base 7) to base 6.
20524324
-3570514 (base 8) to base 13
-28396c
Convert 273513 (base 8) to base 9.
155710
Convert -2474b (base 12) to base 15.
-e9bb
What is -2524300 (base 8) in base 11?
-437925
Convert 11100010000110010110 (base 2) to base 6.
31503302
-344c49 (base 14) to base 10
-1780529
Convert -2121021222220 (base 3) to base 15.
-1c4e79
What is 10360566 (base 7) in base 9?
1604013
-53a6b (base 16) to base 13
-bcc57
What is 1008102 (base 10) in base 11?
629447
Convert -10462145 (base 9) to base 8.
-23233017
What is 86259d (base 15) in base 11?
3672528
What is 13b283 (base 14) in base 11?
4277a3
What is 159221 (base 10) in base 5?
20043341
Convert b5b286 (base 12) to base 3.
12101022111110
Convert 1232123200 (base 4) to base 2.
1101110011011100000
-517963 (base 11) to base 4
-3022232203
Convert -48302 (base 10) to base 2.
-1011110010101110
What is 13234515 (base 8) in base 13?
7ca02a
What is 3036c (base 14) in base 11?
7a113
What is 31222103 (base 4) in base 15?
118a5
What is -168299 (base 15) in base 13?
-2c25c6
What is 90c1c9 (base 16) in base 2?
100100001100000111001001
Convert 89a143 (base 12) to base 2.
1000010111110101000011
Convert -163549 (base 10) to base 7.
-1250551
What is 2aa4a (base 12) in base 13?
21568
-21354 (base 13) to base 6
-1141143
-16217632 (base 8) to base 13
-a10c96
What is cb1869 (base 13) in base 3?
22222111202202
Convert 1133255151 (base 6) to base 12.
43344b7
511b (base 14) to base 5
421231
100001000100010101 (base 2) to base 9
225714
2454323 (base 6) to base 14
360c3
4130557 (base 8) to base 12
449127
Convert -3356b (base 12) to base 2.
-10000101001100011
What is -5752632 (base 8) in base 4?
-11331112122
Convert 901b90 (base 12) to base 14.
42555a
What is 20211040 (base 5) in base 7?
1250002
Convert -74077 (base 14) to base 11.
-1813aa
Convert 544030 (base 7) to base 14.
268c0
Convert 13102231203 (base 4) to base 12.
782343
What is 2022032320 (base 5) in base 8?
17477730
What is -22112001220101 (base 3) in base 8?
-21214535
Convert -1b565 (base 13) to base 16.
-d198
-338 (base 13) to base 2
-1000101010
What is 404755 (base 8) in base 3?
20210021122
Convert 10441043 (base 6) to base 12.
133183
Convert -224030 (base 6) to base 12.
-b016
Convert 155c83 (base 14) to base 6.
23554043
What is 118507 (base 10) in base 8?
347353
-26718 (base 11) to base 13
-14485
Convert -865 (base 10) to base 8.
-1541
-e436f (base 16) to base 15
-136e7c
14299 (base 12) to base 15
84a3
-375b6 (base 14) to base 8
-410654
What is 1011011000100000 (base 2) in base 12?
22b94
-dbded4 (base 15) to base 11
-5a05833
Convert 107a84 (base 11) to base 7.
1313332
Convert 101011101000011110010 (base 2) to base 14.
29308a
15752015 (base 8) to base 9
6785784
What is ada12 (base 14) in base 13?
119cba
7b096 (base 13) to base 6
4450013
Convert 55551 (base 12) to base 10.
113101
What is -28c1 (base 15) in base 16?
-221b
What is 1e70a2 (base 15) in base 8?
5541676
-284a7b